{"id":31,"date":"2020-04-13T13:24:34","date_gmt":"2020-04-13T11:24:34","guid":{"rendered":"https:\/\/www.malir-praha.com\/?page_id=31"},"modified":"2020-04-18T21:05:44","modified_gmt":"2020-04-18T19:05:44","slug":"o-nas-2","status":"publish","type":"page","link":"https:\/\/www.malir-praha.com\/en\/","title":{"rendered":"About Us"},"content":{"rendered":"\n<p> Mal\u00ed\u0159sk\u00e9 a lak\u00fdrnick\u00e9 \u0159emeslo prov\u00e1d\u00edme od roku 1989. Od roku 2007 se profilujeme jako rodinn\u00e1 spole\u010dnost a na\u0161\u00edm hlavn\u00edm z\u00e1jmem je maxim\u00e1ln\u00ed spokojenost a d\u016fv\u011bra na\u0161ich klient\u016f. Ka\u017ed\u00e9mu klientovi se v\u011bnujeme individu\u00e1ln\u011b. <\/p>\n\n\n\n<p>D\u00edky dlouholet\u00fdm zku\u0161enostem a aktivn\u00ed pr\u00e1ci v na\u0161em oboru jsme schopni nab\u00eddnout kompletn\u00ed realizaci p\u0159esn\u011b podle po\u017eadavk\u016f a pot\u0159eb.<\/p>\n\n\n\n<p>Nab\u00edz\u00edme V\u00e1m slu\u017eby v oboru mal\u00ed\u0159 pokoj\u016f \u2013 lak\u00fdrn\u00edk a to na profesion\u00e1ln\u00ed \u00farovni. Na\u0161\u00edm c\u00edlem je v\u00e9st dob\u0159e funguj\u00edc\u00ed firmu, na kterou se na\u0161i z\u00e1kazn\u00edci v\u017edy r\u00e1di znovu obr\u00e1t\u00ed.<\/p>\n\n\n\n<p>Nab\u00edz\u00edme V\u00e1m slu\u017eby v oboru mal\u00ed\u0159 pokoj\u016f \u2013 lak\u00fdrn\u00edk a to na profesion\u00e1ln\u00ed \u00farovni. Na\u0161\u00edm c\u00edlem je v\u00e9st dob\u0159e funguj\u00edc\u00ed firmu, na kterou se na\u0161i z\u00e1kazn\u00edci v\u017edy r\u00e1di znovu obr\u00e1t\u00ed.<\/p>\n\n\n\n<p>Na na\u0161ich str\u00e1nk\u00e1ch naleznete cen\u00edk mal\u00ed\u0159sk\u00fdch, lak\u00fdrnick\u00fdch a \u00faklidov\u00fdch prac\u00ed v\u010detn\u011b pou\u017eit\u00e9ho materi\u00e1lu. Malov\u00e1n\u00ed \u00fa\u010dtujeme ve dvou n\u00e1t\u011brech a v\u010detn\u011b materi\u00e1lu (pokud nen\u00ed uvedeno jinak).<\/p>\n\n\n\n<p>Zdarma V\u00e1m na m\u00edst\u011b vypo\u010d\u00edt\u00e1me cenu a doporu\u010d\u00edme vhodn\u00fd materi\u00e1l, n\u00e1sledn\u011b V\u00e1m vystav\u00edme nez\u00e1vaznou nab\u00eddku, kde bude v\u0161e p\u0159ehledn\u011b rozeps\u00e1no.<\/p>\n\n\n\n<p>Nez\u00e1vazn\u00e9 m\u011b\u0159en\u00ed, rozpo\u010det a konzultace zdarma.<\/p>\n\n\n\n<p class=\"has-text-align-center\"><strong><span style=\"color:#bc360a\" class=\"tadv-color\">Nev\u00e1hejte a volejte\u2026 T\u011b\u0161\u00edme se na V\u00e1s<\/span><\/strong><\/p>\n","protected":false},"excerpt":{"rendered":"<p>Mal\u00ed\u0159sk\u00e9 a lak\u00fdrnick\u00e9 \u0159emeslo prov\u00e1d\u00edme od roku 1989. Od roku 2007 se profilujeme jako rodinn\u00e1 spole\u010dnost a na\u0161\u00edm hlavn\u00edm z\u00e1jmem je maxim\u00e1ln\u00ed spokojenost a d\u016fv\u011bra na\u0161ich klient\u016f. Ka\u017ed\u00e9mu klientovi se v\u011bnujeme individu\u00e1ln\u011b. D\u00edky dlouholet\u00fdm zku\u0161enostem a aktivn\u00ed pr\u00e1ci v na\u0161em oboru jsme schopni nab\u00eddnout kompletn\u00ed realizaci p\u0159esn\u011b podle po\u017eadavk\u016f a pot\u0159eb. Nab\u00edz\u00edme V\u00e1m slu\u017eby v &hellip; <a href=\"https:\/\/www.malir-praha.com\/en\/\" class=\"more-link\">Continue reading <span class=\"screen-reader-text\">About Us<\/span> <span class=\"meta-nav\">&rarr;<\/span><\/a><\/p>\n","protected":false},"author":1,"featured_media":0,"parent":0,"menu_order":1,"comment_status":"closed","ping_status":"closed","template":"","meta":[],"_links":{"self":[{"href":"https:\/\/www.malir-praha.com\/en\/wp-json\/wp\/v2\/pages\/31"}],"collection":[{"href":"https:\/\/www.malir-praha.com\/en\/wp-json\/wp\/v2\/pages"}],"about":[{"href":"https:\/\/www.malir-praha.com\/en\/wp-json\/wp\/v2\/types\/page"}],"author":[{"embeddable":true,"href":"https:\/\/www.malir-praha.com\/en\/wp-json\/wp\/v2\/users\/1"}],"replies":[{"embeddable":true,"href":"https:\/\/www.malir-praha.com\/en\/wp-json\/wp\/v2\/comments?post=31"}],"version-history":[{"count":16,"href":"https:\/\/www.malir-praha.com\/en\/wp-json\/wp\/v2\/pages\/31\/revisions"}],"predecessor-version":[{"id":1617,"href":"https:\/\/www.malir-praha.com\/en\/wp-json\/wp\/v2\/pages\/31\/revisions\/1617"}],"wp:attachment":[{"href":"https:\/\/www.malir-praha.com\/en\/wp-json\/wp\/v2\/media?parent=31"}],"curies":[{"name":"wp","href":"https:\/\/api.w.org\/{rel}","templated":true}]}}

<p> Malířské a lakýrnické řemeslo provádíme od roku 1989. Od roku 2007 se profilujeme jako rodinná společnost a naším hlavním zájmem je maximální spokojenost a důvěra našich klientů. Každému klientovi se věnujeme individuálně. </p>



<p>Díky dlouholetým zkušenostem a aktivní práci v našem oboru jsme schopni nabídnout kompletní realizaci přesně podle požadavků a potřeb.</p>



<p>Nabízíme Vám služby v oboru malíř pokojů – lakýrník a to na profesionální úrovni. Naším cílem je vést dobře fungující firmu, na kterou se naši zákazníci vždy rádi znovu obrátí.</p>



<p>Nabízíme Vám služby v oboru malíř pokojů – lakýrník a to na profesionální úrovni. Naším cílem je vést dobře fungující firmu, na kterou se naši zákazníci vždy rádi znovu obrátí.</p>



<p>Na našich stránkách naleznete ceník malířských, lakýrnických a úklidových prací včetně použitého materiálu. Malování účtujeme ve dvou nátěrech a včetně materiálu (pokud není uvedeno jinak).</p>



<p>Zdarma Vám na místě vypočítáme cenu a doporučíme vhodný materiál, následně Vám vystavíme nezávaznou nabídku, kde bude vše přehledně rozepsáno.</p>



<p>Nezávazné měření, rozpočet a konzultace zdarma.</p>



<p class="has-text-align-center"><strong><span style="color:#bc360a" class="tadv-color">Neváhejte a volejte… Těšíme se na Vás</span></strong></p>

<p>Malířské a lakýrnické řemeslo provádíme od roku 1989. Od roku 2007 se profilujeme jako rodinná společnost a naším hlavním zájmem je maximální spokojenost a důvěra našich klientů. Každému klientovi se věnujeme individuálně. Díky dlouholetým zkušenostem a aktivní práci v našem oboru jsme schopni nabídnout kompletní realizaci přesně podle požadavků a potřeb. Nabízíme Vám služby v &hellip; <a href="https://www.malir-praha.com/en/" class="more-link">Continue reading <span class="screen-reader-text">About Us</span> <span class="meta-nav">&rarr;</span></a></p>
