{"id":1496,"date":"2020-04-13T15:18:19","date_gmt":"2020-04-13T13:18:19","guid":{"rendered":"https:\/\/www.malir-praha.com\/?page_id=1496"},"modified":"2020-04-18T21:08:40","modified_gmt":"2020-04-18T19:08:40","slug":"nase-sluzby","status":"publish","type":"page","link":"https:\/\/www.malir-praha.com\/en\/nase-sluzby\/","title":{"rendered":"Services"},"content":{"rendered":"\n<h2>Mal\u00ed\u0159sk\u00e9 pr\u00e1ce<\/h2>\n\n\n\n<p>Prov\u00e1d\u00edme ve\u0161ker\u00e9 mal\u00ed\u0159sk\u00e9 pr\u00e1ce jak\u00e9hokoliv rozsahu od mal\u00e9ho bytu, kancel\u00e1\u0159e, schodi\u0161\u0165, novostaveb, \u010din\u017eovn\u00edch a panelov\u00fdch dom\u016f, rodinn\u00fdch dom\u016f, obchod\u016f , \u0161koln\u00edch za\u0159\u00edzen\u00ed, \u00fa\u0159ad\u016f a st\u00e1tn\u00edch instituc\u00edch po pr\u016fmyslov\u00e9 objekty. <\/p>\n\n\n\n<p>Malujeme v\u0161echny druhy om\u00edtek a s\u00e1drokartony. U na\u0161\u00ed firmy je samoz\u0159ejmost\u00ed p\u0159ikryt\u00ed podlah a n\u00e1bytku ochrann\u00fdmi foliemi. N\u00e1bytek by m\u011bl b\u00fdt, pokud nen\u00ed domluveno jinak, sest\u011bhovan\u00fd doprost\u0159ed m\u00edstnosti. Pot\u0159ebujete-li pomoci s n\u00e1bytkem, tak ani to nen\u00ed pro n\u00e1s p\u0159ek\u00e1\u017ekou. <\/p>\n\n\n\n<p>Po vymalov\u00e1n\u00ed je mo\u017eno objednat u na\u0161\u00ed firmy \u00faklidov\u00e9 pr\u00e1ce za v\u00fdhodn\u00e9 ceny.<\/p>\n\n\n\n<h2>Lak\u00fdrnick\u00e9 pr\u00e1ce<\/h2>\n\n\n\n<p>Prov\u00e1d\u00edme ve\u0161ker\u00e9 lak\u00fdrnick\u00e9 pr\u00e1ce jak\u00e9hokoliv rozsahu od byt\u016f, rodinn\u00fdch dom\u016f, a\u017e po pr\u016fmyslov\u00e9 objekty.<\/p>\n\n\n\n<p> Prov\u00e1d\u00edme n\u00e1t\u011bry:<\/p>\n\n\n\n<ul><li>radi\u00e1tor\u016f<\/li><li>z\u00e1bradl\u00ed madel a plot\u016f<\/li><li>linkrusty (soklu)<\/li><li>oken a dve\u0159\u00ed<\/li><li>parapetu a oplechov\u00e1n\u00ed<\/li><li>betonu a podlah<\/li><\/ul>\n\n\n\n<h2>V\u00fdroba a mont\u00e1\u017e d\u0159ev\u011bn\u00fdch madel<\/h2>\n\n\n\n<p>Prov\u00e1d\u00edme v\u00fdm\u011bnu star\u00fdch pertinaxov\u00fdch a d\u0159ev\u011bn\u00fdch madel v rodinn\u00fdch a obytn\u00fdch domech.<\/p>\n\n\n\n<h2>Pokl\u00e1dka podlah<\/h2>\n\n\n\n<p>Prov\u00e1d\u00edme pokl\u00e1dku plovouc\u00edch podlah a koberc\u016f.<\/p>\n","protected":false},"excerpt":{"rendered":"<p>Mal\u00ed\u0159sk\u00e9 pr\u00e1ce Prov\u00e1d\u00edme ve\u0161ker\u00e9 mal\u00ed\u0159sk\u00e9 pr\u00e1ce jak\u00e9hokoliv rozsahu od mal\u00e9ho bytu, kancel\u00e1\u0159e, schodi\u0161\u0165, novostaveb, \u010din\u017eovn\u00edch a panelov\u00fdch dom\u016f, rodinn\u00fdch dom\u016f, obchod\u016f , \u0161koln\u00edch za\u0159\u00edzen\u00ed, \u00fa\u0159ad\u016f a st\u00e1tn\u00edch instituc\u00edch po pr\u016fmyslov\u00e9 objekty. Malujeme v\u0161echny druhy om\u00edtek a s\u00e1drokartony. U na\u0161\u00ed firmy je samoz\u0159ejmost\u00ed p\u0159ikryt\u00ed podlah a n\u00e1bytku ochrann\u00fdmi foliemi. N\u00e1bytek by m\u011bl b\u00fdt, pokud nen\u00ed domluveno &hellip; <a href=\"https:\/\/www.malir-praha.com\/en\/nase-sluzby\/\" class=\"more-link\">Continue reading <span class=\"screen-reader-text\">Services<\/span> <span class=\"meta-nav\">&rarr;<\/span><\/a><\/p>\n","protected":false},"author":1,"featured_media":0,"parent":0,"menu_order":2,"comment_status":"closed","ping_status":"closed","template":"","meta":[],"_links":{"self":[{"href":"https:\/\/www.malir-praha.com\/en\/wp-json\/wp\/v2\/pages\/1496"}],"collection":[{"href":"https:\/\/www.malir-praha.com\/en\/wp-json\/wp\/v2\/pages"}],"about":[{"href":"https:\/\/www.malir-praha.com\/en\/wp-json\/wp\/v2\/types\/page"}],"author":[{"embeddable":true,"href":"https:\/\/www.malir-praha.com\/en\/wp-json\/wp\/v2\/users\/1"}],"replies":[{"embeddable":true,"href":"https:\/\/www.malir-praha.com\/en\/wp-json\/wp\/v2\/comments?post=1496"}],"version-history":[{"count":11,"href":"https:\/\/www.malir-praha.com\/en\/wp-json\/wp\/v2\/pages\/1496\/revisions"}],"predecessor-version":[{"id":1621,"href":"https:\/\/www.malir-praha.com\/en\/wp-json\/wp\/v2\/pages\/1496\/revisions\/1621"}],"wp:attachment":[{"href":"https:\/\/www.malir-praha.com\/en\/wp-json\/wp\/v2\/media?parent=1496"}],"curies":[{"name":"wp","href":"https:\/\/api.w.org\/{rel}","templated":true}]}}

<h2>Malířské práce</h2>



<p>Provádíme veškeré malířské práce jakéhokoliv rozsahu od malého bytu, kanceláře, schodišť, novostaveb, činžovních a panelových domů, rodinných domů, obchodů , školních zařízení, úřadů a státních institucích po průmyslové objekty. </p>



<p>Malujeme všechny druhy omítek a sádrokartony. U naší firmy je samozřejmostí přikrytí podlah a nábytku ochrannými foliemi. Nábytek by měl být, pokud není domluveno jinak, sestěhovaný doprostřed místnosti. Potřebujete-li pomoci s nábytkem, tak ani to není pro nás překážkou. </p>



<p>Po vymalování je možno objednat u naší firmy úklidové práce za výhodné ceny.</p>



<h2>Lakýrnické práce</h2>



<p>Provádíme veškeré lakýrnické práce jakéhokoliv rozsahu od bytů, rodinných domů, až po průmyslové objekty.</p>



<p> Provádíme nátěry:</p>



<ul><li>radiátorů</li><li>zábradlí madel a plotů</li><li>linkrusty (soklu)</li><li>oken a dveří</li><li>parapetu a oplechování</li><li>betonu a podlah</li></ul>



<h2>Výroba a montáž dřevěných madel</h2>



<p>Provádíme výměnu starých pertinaxových a dřevěných madel v rodinných a obytných domech.</p>



<h2>Pokládka podlah</h2>



<p>Provádíme pokládku plovoucích podlah a koberců.</p>

<p>Malířské práce Provádíme veškeré malířské práce jakéhokoliv rozsahu od malého bytu, kanceláře, schodišť, novostaveb, činžovních a panelových domů, rodinných domů, obchodů , školních zařízení, úřadů a státních institucích po průmyslové objekty. Malujeme všechny druhy omítek a sádrokartony. U naší firmy je samozřejmostí přikrytí podlah a nábytku ochrannými foliemi. Nábytek by měl být, pokud není domluveno &hellip; <a href="https://www.malir-praha.com/en/nase-sluzby/" class="more-link">Continue reading <span class="screen-reader-text">Services</span> <span class="meta-nav">&rarr;</span></a></p>
